{"id":1377,"date":"2023-11-14T15:20:26","date_gmt":"2023-11-14T14:20:26","guid":{"rendered":"http:\/\/e-ag-mals.it\/?page_id=1377"},"modified":"2023-11-30T08:39:26","modified_gmt":"2023-11-30T07:39:26","slug":"projekt-erweiterung-des-fernwaermenetzes-in-laatsch-2023-2025","status":"publish","type":"page","link":"http:\/\/e-ag-mals.it\/?page_id=1377","title":{"rendered":"Projekt: Erweiterung des Fernw\u00e4rmenetzes in Laatsch 2023-2025"},"content":{"rendered":"\n<style type=\"text\/css\" data-created_by=\"avia_inline_auto\" id=\"style-css-av-loyeoxr2-df5f54b22f1d65a9d50d86dec2adbfdf\">\n#top .av-special-heading.av-loyeoxr2-df5f54b22f1d65a9d50d86dec2adbfdf{\npadding-bottom:10px;\n}\nbody .av-special-heading.av-loyeoxr2-df5f54b22f1d65a9d50d86dec2adbfdf .av-special-heading-tag .heading-char{\nfont-size:25px;\n}\n.av-special-heading.av-loyeoxr2-df5f54b22f1d65a9d50d86dec2adbfdf .av-subheading{\nfont-size:15px;\n}\n<\/style>\n<div  class='av-special-heading av-loyeoxr2-df5f54b22f1d65a9d50d86dec2adbfdf av-special-heading-h3  avia-builder-el-0  el_before_av_textblock  avia-builder-el-first '><h3 class='av-special-heading-tag'  itemprop=\"headline\"  >Projekt: Erweiterung des Fernw\u00e4rmenetzes in Laatsch 2023-2025<\/h3><div class=\"special-heading-border\"><div class=\"special-heading-inner-border\"><\/div><\/div><\/div>\n<section  class='av_textblock_section av-loyeu3ep-0e1197995edc1c0eb75655bebb15f8db'  itemscope=\"itemscope\" itemtype=\"https:\/\/schema.org\/CreativeWork\" ><div class='avia_textblock'  itemprop=\"text\" ><p>In Jahren 2017 und 2018 wurde von der E-AG die Hauptleitung ausgehend vom Fernheizwerk Mals bis nach Laatsch verlegt. Zudem wurde das bereits bestehende Netz an die Hauptleitung angeschlossen.<\/p>\n<p>In den darauffolgenden Jahren wurde der Gro\u00dfteil der Geb\u00e4ude in der Ortschaft Laatsch an das Fernw\u00e4rmenetz angeschlossen. Mit dem Projekt sollen insgesamt ca. 30 neue Fernw\u00e4rmeanschl\u00fcsse gemacht werden, welche in vier Bauphasen unterteilt und im Rahmen des Projektes realisiert werden. Auf diese Weise sollen die letzten noch fehlenden Dorfteile von Laatsch an das bestehende Netz angeschlossen werden.<\/p>\n<p><strong>Projektcode:<\/strong> EFRE3005<br \/>\n<strong>Akronym:<\/strong> FW-Laatsch 2023<br \/>\n<strong>CUP-Kodex:<\/strong> B73F23000000007<br \/>\n<strong>genehmigt mit Dekret Nr.<\/strong> 11425\/2023<br \/>\n<strong>genehmigte Gesamtkosten des Projektes:<\/strong> 933.549,58 \u20ac<br \/>\n<strong>\u00f6ffentliche F\u00f6rderung gem\u00e4\u00df genehmigtem F\u00f6rdersatz:<\/strong> 30,00 % im H\u00f6chstausma\u00df von 280.064,87 \u20ac<\/p>\n<p>Kofinanziert vom Europ\u00e4ischen Fonds f\u00fcr regionale Entwicklung (EFRE)<\/p>\n<\/div><\/section>\n<div class='flex_column av-5t2e4x-fc523ecfdd478f4483607455e04ccea3 av_one_third  avia-builder-el-2  el_after_av_textblock  el_before_av_one_third  first flex_column_div column-top-margin'   ><style type=\"text\/css\" data-created_by=\"avia_inline_auto\" id=\"style-css-av-loyew9hx-968e045f8d7d00ade586cc16dbd930f1\">\n.avia-image-container.av-loyew9hx-968e045f8d7d00ade586cc16dbd930f1 .av-image-caption-overlay-center{\ncolor:#ffffff;\n}\n<\/style>\n<div  class='avia-image-container av-loyew9hx-968e045f8d7d00ade586cc16dbd930f1 av-styling- avia-align-center  avia-builder-el-3  avia-builder-el-no-sibling '  itemprop=\"image\" itemscope=\"itemscope\" itemtype=\"https:\/\/schema.org\/ImageObject\" ><div class=\"avia-image-container-inner\"><div class=\"avia-image-overlay-wrap\"><img decoding=\"async\" class='wp-image-1392 avia-img-lazy-loading-not-1392 avia_image' src=\"http:\/\/e-ag-mals.it\/wp-content\/uploads\/2023\/11\/EN_CI-Co-funded-Rep-Prov_horizontal_POS-1030x150.png\" alt='' title='EN_CI-Co-funded-Rep-Prov_horizontal_POS'  height=\"150\" width=\"1030\"  itemprop=\"thumbnailUrl\" srcset=\"http:\/\/e-ag-mals.it\/wp-content\/uploads\/2023\/11\/EN_CI-Co-funded-Rep-Prov_horizontal_POS-1030x150.png 1030w, http:\/\/e-ag-mals.it\/wp-content\/uploads\/2023\/11\/EN_CI-Co-funded-Rep-Prov_horizontal_POS-300x44.png 300w, http:\/\/e-ag-mals.it\/wp-content\/uploads\/2023\/11\/EN_CI-Co-funded-Rep-Prov_horizontal_POS-768x112.png 768w, http:\/\/e-ag-mals.it\/wp-content\/uploads\/2023\/11\/EN_CI-Co-funded-Rep-Prov_horizontal_POS-1536x224.png 1536w, http:\/\/e-ag-mals.it\/wp-content\/uploads\/2023\/11\/EN_CI-Co-funded-Rep-Prov_horizontal_POS-1500x218.png 1500w, http:\/\/e-ag-mals.it\/wp-content\/uploads\/2023\/11\/EN_CI-Co-funded-Rep-Prov_horizontal_POS-705x103.png 705w, http:\/\/e-ag-mals.it\/wp-content\/uploads\/2023\/11\/EN_CI-Co-funded-Rep-Prov_horizontal_POS.png 1607w\" sizes=\"(max-width: 1030px) 100vw, 1030px\" \/><\/div><\/div><\/div><\/div><div class='flex_column av-3viqyp-6c322ec9b0cab0752b7d605cb54b1ded av_one_third  avia-builder-el-4  el_after_av_one_third  el_before_av_one_third  flex_column_div column-top-margin'   ><\/div><\/p>\n<div class='flex_column av-2t3v0h-93c07b9b0d876cf53530fc5b87b7148a av_one_third  avia-builder-el-5  el_after_av_one_third  avia-builder-el-last  flex_column_div column-top-margin'   ><\/div>\n","protected":false},"excerpt":{"rendered":"","protected":false},"author":2,"featured_media":0,"parent":0,"menu_order":0,"comment_status":"closed","ping_status":"closed","template":"","meta":{"footnotes":""},"class_list":["post-1377","page","type-page","status-publish","hentry"],"_links":{"self":[{"href":"http:\/\/e-ag-mals.it\/index.php?rest_route=\/wp\/v2\/pages\/1377"}],"collection":[{"href":"http:\/\/e-ag-mals.it\/index.php?rest_route=\/wp\/v2\/pages"}],"about":[{"href":"http:\/\/e-ag-mals.it\/index.php?rest_route=\/wp\/v2\/types\/page"}],"author":[{"embeddable":true,"href":"http:\/\/e-ag-mals.it\/index.php?rest_route=\/wp\/v2\/users\/2"}],"replies":[{"embeddable":true,"href":"http:\/\/e-ag-mals.it\/index.php?rest_route=%2Fwp%2Fv2%2Fcomments&post=1377"}],"version-history":[{"count":4,"href":"http:\/\/e-ag-mals.it\/index.php?rest_route=\/wp\/v2\/pages\/1377\/revisions"}],"predecessor-version":[{"id":1393,"href":"http:\/\/e-ag-mals.it\/index.php?rest_route=\/wp\/v2\/pages\/1377\/revisions\/1393"}],"wp:attachment":[{"href":"http:\/\/e-ag-mals.it\/index.php?rest_route=%2Fwp%2Fv2%2Fmedia&parent=1377"}],"curies":[{"name":"wp","href":"https:\/\/api.w.org\/{rel}","templated":true}]}}

Projekt: Erweiterung des Fernwärmenetzes in Laatsch 2023-2025

<style type="text/css" data-created_by="avia_inline_auto" id="style-css-av-loyeoxr2-df5f54b22f1d65a9d50d86dec2adbfdf">
#top .av-special-heading.av-loyeoxr2-df5f54b22f1d65a9d50d86dec2adbfdf{
padding-bottom:10px;
}
body .av-special-heading.av-loyeoxr2-df5f54b22f1d65a9d50d86dec2adbfdf .av-special-heading-tag .heading-char{
font-size:25px;
}
.av-special-heading.av-loyeoxr2-df5f54b22f1d65a9d50d86dec2adbfdf .av-subheading{
font-size:15px;
}
</style>
<div  class='av-special-heading av-loyeoxr2-df5f54b22f1d65a9d50d86dec2adbfdf av-special-heading-h3  avia-builder-el-0  el_before_av_textblock  avia-builder-el-first '><h3 class='av-special-heading-tag'  itemprop="headline"  >Projekt: Erweiterung des Fernwärmenetzes in Laatsch 2023-2025</h3><div class="special-heading-border"><div class="special-heading-inner-border"></div></div></div>
<section  class='av_textblock_section av-loyeu3ep-0e1197995edc1c0eb75655bebb15f8db'  itemscope="itemscope" itemtype="https://schema.org/CreativeWork" ><div class='avia_textblock'  itemprop="text" ><p>In Jahren 2017 und 2018 wurde von der E-AG die Hauptleitung ausgehend vom Fernheizwerk Mals bis nach Laatsch verlegt. Zudem wurde das bereits bestehende Netz an die Hauptleitung angeschlossen.</p>
<p>In den darauffolgenden Jahren wurde der Großteil der Gebäude in der Ortschaft Laatsch an das Fernwärmenetz angeschlossen. Mit dem Projekt sollen insgesamt ca. 30 neue Fernwärmeanschlüsse gemacht werden, welche in vier Bauphasen unterteilt und im Rahmen des Projektes realisiert werden. Auf diese Weise sollen die letzten noch fehlenden Dorfteile von Laatsch an das bestehende Netz angeschlossen werden.</p>
<p><strong>Projektcode:</strong> EFRE3005<br />
<strong>Akronym:</strong> FW-Laatsch 2023<br />
<strong>CUP-Kodex:</strong> B73F23000000007<br />
<strong>genehmigt mit Dekret Nr.</strong> 11425/2023<br />
<strong>genehmigte Gesamtkosten des Projektes:</strong> 933.549,58 €<br />
<strong>öffentliche Förderung gemäß genehmigtem Fördersatz:</strong> 30,00 % im Höchstausmaß von 280.064,87 €</p>
<p>Kofinanziert vom Europäischen Fonds für regionale Entwicklung (EFRE)</p>
</div></section>
<div class='flex_column av-5t2e4x-fc523ecfdd478f4483607455e04ccea3 av_one_third  avia-builder-el-2  el_after_av_textblock  el_before_av_one_third  first flex_column_div column-top-margin'   ><style type="text/css" data-created_by="avia_inline_auto" id="style-css-av-loyew9hx-968e045f8d7d00ade586cc16dbd930f1">
.avia-image-container.av-loyew9hx-968e045f8d7d00ade586cc16dbd930f1 .av-image-caption-overlay-center{
color:#ffffff;
}
</style>
<div  class='avia-image-container av-loyew9hx-968e045f8d7d00ade586cc16dbd930f1 av-styling- avia-align-center  avia-builder-el-3  avia-builder-el-no-sibling '  itemprop="image" itemscope="itemscope" itemtype="https://schema.org/ImageObject" ><div class="avia-image-container-inner"><div class="avia-image-overlay-wrap"><img decoding="async" class='wp-image-1392 avia-img-lazy-loading-not-1392 avia_image' src="http://e-ag-mals.it/wp-content/uploads/2023/11/EN_CI-Co-funded-Rep-Prov_horizontal_POS-1030x150.png" alt='' title='EN_CI-Co-funded-Rep-Prov_horizontal_POS'  height="150" width="1030"  itemprop="thumbnailUrl" srcset="http://e-ag-mals.it/wp-content/uploads/2023/11/EN_CI-Co-funded-Rep-Prov_horizontal_POS-1030x150.png 1030w, http://e-ag-mals.it/wp-content/uploads/2023/11/EN_CI-Co-funded-Rep-Prov_horizontal_POS-300x44.png 300w, http://e-ag-mals.it/wp-content/uploads/2023/11/EN_CI-Co-funded-Rep-Prov_horizontal_POS-768x112.png 768w, http://e-ag-mals.it/wp-content/uploads/2023/11/EN_CI-Co-funded-Rep-Prov_horizontal_POS-1536x224.png 1536w, http://e-ag-mals.it/wp-content/uploads/2023/11/EN_CI-Co-funded-Rep-Prov_horizontal_POS-1500x218.png 1500w, http://e-ag-mals.it/wp-content/uploads/2023/11/EN_CI-Co-funded-Rep-Prov_horizontal_POS-705x103.png 705w, http://e-ag-mals.it/wp-content/uploads/2023/11/EN_CI-Co-funded-Rep-Prov_horizontal_POS.png 1607w" sizes="(max-width: 1030px) 100vw, 1030px" /></div></div></div></div><div class='flex_column av-3viqyp-6c322ec9b0cab0752b7d605cb54b1ded av_one_third  avia-builder-el-4  el_after_av_one_third  el_before_av_one_third  flex_column_div column-top-margin'   ></div></p>
<div class='flex_column av-2t3v0h-93c07b9b0d876cf53530fc5b87b7148a av_one_third  avia-builder-el-5  el_after_av_one_third  avia-builder-el-last  flex_column_div column-top-margin'   ></div>
