{"id":742,"date":"2020-01-06T15:27:29","date_gmt":"2020-01-06T14:27:29","guid":{"rendered":"http:\/\/e-ag-mals.it\/?page_id=742"},"modified":"2025-02-21T09:02:51","modified_gmt":"2025-02-21T08:02:51","slug":"wasserkraft","status":"publish","type":"page","link":"http:\/\/e-ag-mals.it\/?page_id=742","title":{"rendered":"Wasserkraft"},"content":{"rendered":"<div id='full_slider_1'  class='avia-fullwidth-slider main_color avia-shadow   avia-builder-el-0  el_before_av_section  avia-builder-el-first   container_wrap sidebar_right'  ><div  class='avia-slideshow av-chswx8-52188dba886b0ee567195a3545934848 av-control-minimal avia-slideshow-no scaling av_slideshow_full avia-fade-slider av-default-height-applied   avia-slideshow-1'  data-size='no scaling'  data-lightbox_size='large'  data-animation='fade'  data-conditional_play=''  data-ids='902'  data-video_counter='0'  data-autoplay='true'  data-bg_slider='false'  data-slide_height=''  data-handle='av_slideshow_full'  data-interval='5'  data-class=''  data-extra_class=' '  data-el_id=''  data-css_id=''  data-scroll_down=''  data-control_layout='av-control-minimal'  data-custom_markup=''  data-perma_caption=''  data-autoplay_stopper=''  data-image_attachment=''  data-min_height='0px'  data-lazy_loading='disabled'  data-default-height='45.8203125'  data-stretch=''  data-src=''  data-position='top left'  data-repeat='no-repeat'  data-attach='scroll'  data-img_scrset=''  data-av-desktop-hide=''  data-av-medium-hide=''  data-av-small-hide=''  data-av-mini-hide=''  data-id=''  data-custom_class=''  data-template_class=''  data-av_uid='av-chswx8'  data-sc_version='1.0'  data-heading_tag=''  data-heading_class=''   itemprop=\"image\" itemscope=\"itemscope\" itemtype=\"https:\/\/schema.org\/ImageObject\" ><ul class='avia-slideshow-inner ' style='padding-bottom: 45.8203125%;'><li  class='avia-slideshow-slide av-chswx8-52188dba886b0ee567195a3545934848__0  av-single-slide slide-1 ' ><div data-rel='slideshow-1' class='avia-slide-wrap '   ><div class='av-slideshow-caption av-chswx8-52188dba886b0ee567195a3545934848__0 caption_fullwidth caption_left'><div class=\"container caption_container\"><div class=\"slideshow_caption\"><div class=\"slideshow_inner_caption\"><div class=\"slideshow_align_caption\"><h2 class='avia-caption-title '  itemprop=\"name\" >Mit der Kraft des Wasser<\/h2><\/div><\/div><\/div><\/div><\/div><img decoding=\"async\" class=\"wp-image-902 avia-img-lazy-loading-not-902\"  src=\"http:\/\/e-ag-mals.it\/wp-content\/uploads\/2020\/04\/KW_Puni_aussen-10_WEB_Header-scaled.jpg\" width=\"2560\" height=\"1173\" title='KW_Puni_aussen-(10)_WEB_Header' alt=''  itemprop=\"thumbnailUrl\" srcset=\"http:\/\/e-ag-mals.it\/wp-content\/uploads\/2020\/04\/KW_Puni_aussen-10_WEB_Header-scaled.jpg 2560w, http:\/\/e-ag-mals.it\/wp-content\/uploads\/2020\/04\/KW_Puni_aussen-10_WEB_Header-300x138.jpg 300w, http:\/\/e-ag-mals.it\/wp-content\/uploads\/2020\/04\/KW_Puni_aussen-10_WEB_Header-1030x472.jpg 1030w, http:\/\/e-ag-mals.it\/wp-content\/uploads\/2020\/04\/KW_Puni_aussen-10_WEB_Header-768x352.jpg 768w, http:\/\/e-ag-mals.it\/wp-content\/uploads\/2020\/04\/KW_Puni_aussen-10_WEB_Header-1536x704.jpg 1536w, http:\/\/e-ag-mals.it\/wp-content\/uploads\/2020\/04\/KW_Puni_aussen-10_WEB_Header-2048x939.jpg 2048w, http:\/\/e-ag-mals.it\/wp-content\/uploads\/2020\/04\/KW_Puni_aussen-10_WEB_Header-1500x688.jpg 1500w, http:\/\/e-ag-mals.it\/wp-content\/uploads\/2020\/04\/KW_Puni_aussen-10_WEB_Header-705x323.jpg 705w\" sizes=\"(max-width: 2560px) 100vw, 2560px\" \/><div class='av-section-color-overlay' style='opacity: 0.2; background-color: #000000; '><\/div><\/div><\/li><\/ul><\/div><\/div>\n<div id='av_section_1'  class='avia-section av-b1nx5w-a53e12c369d37a259240f19f6eb6b675 main_color avia-section-large avia-no-border-styling  avia-builder-el-1  el_after_av_slideshow_full  avia-builder-el-last  avia-bg-style-scroll container_wrap sidebar_right'  ><div class='container av-section-cont-open' ><div class='template-page content  av-content-small alpha units'><div class='post-entry post-entry-type-page post-entry-742'><div class='entry-content-wrapper clearfix'>\n\n<style type=\"text\/css\" data-created_by=\"avia_inline_auto\" id=\"style-css-av-810w6-3f988482626ec404cdcffbc854d79830\">\n#top .av-special-heading.av-810w6-3f988482626ec404cdcffbc854d79830{\npadding-bottom:0px;\n}\nbody .av-special-heading.av-810w6-3f988482626ec404cdcffbc854d79830 .av-special-heading-tag .heading-char{\nfont-size:25px;\n}\n.av-special-heading.av-810w6-3f988482626ec404cdcffbc854d79830 .av-subheading{\nfont-size:15px;\n}\n<\/style>\n<div  class='av-special-heading av-810w6-3f988482626ec404cdcffbc854d79830 av-special-heading-h2 blockquote modern-quote modern-centered  avia-builder-el-2  el_before_av_hr  avia-builder-el-first  av-linked-heading'><h2 class='av-special-heading-tag'  itemprop=\"headline\"  >Wasserkraft<\/h2><div class=\"special-heading-border\"><div class=\"special-heading-inner-border\"><\/div><\/div><\/div>\n\n<style type=\"text\/css\" data-created_by=\"avia_inline_auto\" id=\"style-css-av-aly9qk-c4004e6b3f905650de171bd762fcde9d\">\n#top .hr.av-aly9qk-c4004e6b3f905650de171bd762fcde9d{\nmargin-top:5px;\nmargin-bottom:35px;\n}\n.hr.av-aly9qk-c4004e6b3f905650de171bd762fcde9d .hr-inner{\nwidth:50px;\nborder-color:#a38715;\n}\n<\/style>\n<div  class='hr av-aly9qk-c4004e6b3f905650de171bd762fcde9d hr-custom  avia-builder-el-3  el_after_av_heading  el_before_av_one_full  hr-center hr-icon-no'><span class='hr-inner inner-border-av-border-fat'><span class=\"hr-inner-style\"><\/span><\/span><\/div>\n\n<style type=\"text\/css\" data-created_by=\"avia_inline_auto\" id=\"style-css-av-1li4h9-2f45ff07fc5bcbd01c72a53b6254bb2c\">\n.flex_column.av-1li4h9-2f45ff07fc5bcbd01c72a53b6254bb2c{\nborder-radius:0px 0px 0px 0px;\n-webkit-border-radius:0px 0px 0px 0px;\n-moz-border-radius:0px 0px 0px 0px;\n}\n<\/style>\n<div class='flex_column av-1li4h9-2f45ff07fc5bcbd01c72a53b6254bb2c av_one_full  avia-builder-el-4  el_after_av_hr  avia-builder-el-last  first flex_column_div av-zero-column-padding '   ><section  class='av_textblock_section av-k52pflbz-03bd085fac7995483f9d5b9ec77e5d4f'  itemscope=\"itemscope\" itemtype=\"https:\/\/schema.org\/CreativeWork\" ><div class='avia_textblock'  itemprop=\"text\" ><p><b>Puni Konsortial GmbH \u2013 Wasserkraft<\/b><\/p>\n<p><span style=\"font-weight: 400;\">Das Wasserkraftwerk in Planeil wurde <strong>2011<\/strong> in Betrieb genommen. Mit einem Teil des Wassers aus der Puni wird Strom erzeugt. Dieser liefert ca. 12 \u00adMillionen Kilowattstunden pro Jahr, das dem Verbrauch von rund 3.000 Haushalten entspricht. Das Wasser ist ein sauberer, erneuerbarer Energietr\u00e4ger, mit dem wir j\u00e4hrlich rund 12.000 Tonnen CO2 einsparen. Mit dem Kraftwerk wird somit ein wesentlicher Beitrag f\u00fcr eine nachhaltige Energieversorgung geleistet.<\/span><\/p>\n<p><span style=\"font-weight: 400;\">An der Puni Konsortial GmbH waren bei Gr\u00fcndung die E-AG, die Alperia sowie die Franktion Planeil als Gesellschafter beteiligt. Seit 2019 ist die <strong>E-AG mit 50,01%,<\/strong> die Gemeinde Mals mit 37% und die Fraktion Planeil mit 12,99% am Kraftwerk Puni beteiligt. Im Jahr 2021 hat die Gemeinde Mals 20 % ihrer Anteile an die unten angef\u00fchrten Fraktionen weitergegeben.<br \/>\n<\/span><\/p>\n<p><span style=\"font-weight: 400;\">Die Gesamtkosten beliefen sich auf ca. 7,5 \u00adMillionen Euro. Darin enthalten waren unter anderem die Wasserfassung, die Druckrohrleitung und der Forstweg, diverse Maschinens\u00e4tze, das Krafthaus und die Kabelleitung. Als Milderungs- und Ausgleichsma\u00dfnahmen z\u00e4hlen: die Restwassermenge, die wesentlich h\u00f6her ist, als die im Wasser\u00adnutzungsplan vorgesehen, die Fischtreppe, ein \u00f6kologisch vertretbares Sp\u00fclmanagement, die \u00f6kologische Baubegleitung und der R\u00fcckbau der Wasserfassung f\u00fcr die Bew\u00e4sserung.\u00a0<\/span><\/p>\n<p><span style=\"font-weight: 400;\">Weiters kann die Wasserfassung gemeinsam f\u00fcr die Stromerzeugung und die Beregnung genutzt werden.\u00a0<\/span><\/p>\n<p><span style=\"font-weight: 400;\">Das Kraftwerk ist ein Meilenstein in der Energieversorgung der Gemeinde. Das ist ein weiterer Baustein in der Nutzung erneuerbarer Energietr\u00e4ger. Ein Baustein, der sich gut in die Ziele einf\u00fcgt, die mit der Strategie <strong>\u201aKlimaland S\u00fcdtirol\u2019<\/strong> erreicht werden soll.\u00a0<\/span><\/p>\n<ul>\n<li style=\"font-weight: 400;\"><span style=\"font-weight: 400;\">Gesellschafter bei Gr\u00fcndung: E-AG, Alperia und Fraktion Planeil<\/span><\/li>\n<li style=\"font-weight: 400;\"><span style=\"font-weight: 400;\">Gesellschafter seit 2021: E-AG, Gemeinde Mals und die Fraktionen Planeil, Mals, Tartsch, Schlinig und Ulten\/Alsack<br \/>\n<\/span><\/li>\n<li>Gesamtproduktion im Jahr 2024: 13.663,40 MwH<\/li>\n<li>Gesamtproduktion im Jahr 2023: 10.670,36 MwH<\/li>\n<li>Gesamtproduktion im Jahr 2022: 7.172.20 MwH<\/li>\n<li>Gesamtproduktion im Jahr 2021: 10.125,42 MwH<\/li>\n<li style=\"font-weight: 400;\"><span style=\"font-weight: 400;\">Gesamtproduktion im Jahr 2020: 12.467,32 MwH<\/span><\/li>\n<\/ul>\n<\/div><\/section><\/div><\/div><\/div><\/div><!-- close content main div --><\/div><\/div><div id='after_section_1'  class='main_color av_default_container_wrap container_wrap sidebar_right'  ><div class='container av-section-cont-open' ><div class='template-page content  av-content-small alpha units'><div class='post-entry post-entry-type-page post-entry-742'><div class='entry-content-wrapper clearfix'>\n","protected":false},"excerpt":{"rendered":"","protected":false},"author":2,"featured_media":0,"parent":0,"menu_order":0,"comment_status":"closed","ping_status":"closed","template":"","meta":{"footnotes":""},"class_list":["post-742","page","type-page","status-publish","hentry"],"_links":{"self":[{"href":"http:\/\/e-ag-mals.it\/index.php?rest_route=\/wp\/v2\/pages\/742"}],"collection":[{"href":"http:\/\/e-ag-mals.it\/index.php?rest_route=\/wp\/v2\/pages"}],"about":[{"href":"http:\/\/e-ag-mals.it\/index.php?rest_route=\/wp\/v2\/types\/page"}],"author":[{"embeddable":true,"href":"http:\/\/e-ag-mals.it\/index.php?rest_route=\/wp\/v2\/users\/2"}],"replies":[{"embeddable":true,"href":"http:\/\/e-ag-mals.it\/index.php?rest_route=%2Fwp%2Fv2%2Fcomments&post=742"}],"version-history":[{"count":12,"href":"http:\/\/e-ag-mals.it\/index.php?rest_route=\/wp\/v2\/pages\/742\/revisions"}],"predecessor-version":[{"id":1448,"href":"http:\/\/e-ag-mals.it\/index.php?rest_route=\/wp\/v2\/pages\/742\/revisions\/1448"}],"wp:attachment":[{"href":"http:\/\/e-ag-mals.it\/index.php?rest_route=%2Fwp%2Fv2%2Fmedia&parent=742"}],"curies":[{"name":"wp","href":"https:\/\/api.w.org\/{rel}","templated":true}]}}